{"id":156,"date":"2024-04-08T12:37:54","date_gmt":"2024-04-08T15:37:54","guid":{"rendered":"https:\/\/www1.syskeeper.com.br\/?page_id=156"},"modified":"2024-04-08T14:42:05","modified_gmt":"2024-04-08T17:42:05","slug":"politica-de-privacidade-2","status":"publish","type":"page","link":"https:\/\/syskeeper.com.br\/?page_id=156","title":{"rendered":"Pol\u00edtica de Privacidade"},"content":{"rendered":"\t\t<div data-elementor-type=\"wp-page\" data-elementor-id=\"156\" class=\"elementor elementor-156\" data-elementor-post-type=\"page\">\n\t\t\t\t<div class=\"elementor-element elementor-element-acb4b47 999999999999 e-flex e-con-boxed e-con e-parent\" data-id=\"acb4b47\" data-element_type=\"container\" data-settings=\"{&quot;background_background&quot;:&quot;classic&quot;}\">\n\t\t\t\t\t<div class=\"e-con-inner\">\n\t\t<div class=\"elementor-element elementor-element-d8e583c e-con-full e-flex e-con e-child\" data-id=\"d8e583c\" data-element_type=\"container\">\n\t\t\t\t<div class=\"elementor-element elementor-element-4adf4a7 elementor-widget__width-initial elementor-widget-mobile__width-initial elementor-widget elementor-widget-heading\" data-id=\"4adf4a7\" data-element_type=\"widget\" data-widget_type=\"heading.default\">\n\t\t\t\t<div class=\"elementor-widget-container\">\n\t\t\t\t\t<h1 class=\"elementor-heading-title elementor-size-default\">Pol\u00edtica de Privacidade<\/h1>\t\t\t\t<\/div>\n\t\t\t\t<\/div>\n\t\t\t\t<\/div>\n\t\t\t\t\t<\/div>\n\t\t\t\t<\/div>\n\t\t<div class=\"elementor-element elementor-element-937426d e-flex e-con-boxed e-con e-parent\" data-id=\"937426d\" data-element_type=\"container\" data-settings=\"{&quot;background_background&quot;:&quot;classic&quot;}\">\n\t\t\t\t\t<div class=\"e-con-inner\">\n\t\t\t\t<div class=\"elementor-element elementor-element-355fa62 elementor-widget elementor-widget-text-editor\" data-id=\"355fa62\" data-element_type=\"widget\" data-widget_type=\"text-editor.default\">\n\t\t\t\t<div class=\"elementor-widget-container\">\n\t\t\t\t\t\t\t\t\t<ul><li><p><strong>Informa\u00e7\u00f5es Coletadas:<\/strong><\/p><ul><li>A SysKeeper coleta informa\u00e7\u00f5es pessoais fornecidas voluntariamente pelos usu\u00e1rios, como nome, e-mail, n\u00famero de telefone e\/ou telem\u00f3vel, morada, data de nascimento e\/ou outros, para melhorar a experi\u00eancia do usu\u00e1rio no site.<\/li><\/ul><\/li><li><p><strong>Uso das Informa\u00e7\u00f5es:<\/strong><\/p><ul><li>As informa\u00e7\u00f5es coletadas s\u00e3o utilizadas para personalizar o conte\u00fado do site, fornecer funcionalidades como webinars e lives, e analisar o desempenho do site.<\/li><\/ul><\/li><li><p><strong>Compartilhamento de Informa\u00e7\u00f5es:<\/strong><\/p><ul><li>As informa\u00e7\u00f5es pessoais podem ser compartilhadas com terceiros prestadores de servi\u00e7os apenas para fins de realiza\u00e7\u00e3o dos servi\u00e7os contratados.<\/li><\/ul><\/li><li><p><strong>Seguran\u00e7a dos Dados:<\/strong><\/p><ul><li>A SysKeeper aplica medidas t\u00e9cnicas e organizativas para proteger os dados pessoais contra acessos n\u00e3o autorizados e situa\u00e7\u00f5es de destrui\u00e7\u00e3o, perda, altera\u00e7\u00e3o, comunica\u00e7\u00e3o ou difus\u00e3o n\u00e3o autorizada.<\/li><\/ul><\/li><\/ul>\t\t\t\t\t\t\t\t<\/div>\n\t\t\t\t<\/div>\n\t\t\t\t\t<\/div>\n\t\t\t\t<\/div>\n\t\t\t\t<\/div>\n\t\t","protected":false},"excerpt":{"rendered":"<p>Informa\u00e7\u00f5es Coletadas: A SysKeeper coleta informa\u00e7\u00f5es pessoais fornecidas voluntariamente pelos usu\u00e1rios, como nome, e-mail, n\u00famero de telefone e\/ou telem\u00f3vel, morada, data de nascimento e\/ou outros, para melhorar a experi\u00eancia do usu\u00e1rio no site. Uso das Informa\u00e7\u00f5es: As informa\u00e7\u00f5es coletadas s\u00e3o utilizadas para personalizar o conte\u00fado do site, fornecer funcionalidades como webinars e lives, e analisar [&hellip;]<\/p>\n","protected":false},"author":1,"featured_media":0,"parent":0,"menu_order":0,"comment_status":"closed","ping_status":"closed","template":"","meta":{"inline_featured_image":false,"footnotes":""},"class_list":["post-156","page","type-page","status-publish","hentry"],"yoast_head":"<!-- This site is optimized with the Yoast SEO plugin v26.3 - https:\/\/yoast.com\/wordpress\/plugins\/seo\/ -->\n<title>Pol\u00edtica de Privacidade - Syskeeper<\/title>\n<meta name=\"robots\" content=\"index, follow, max-snippet:-1, max-image-preview:large, max-video-preview:-1\" \/>\n<link rel=\"canonical\" href=\"https:\/\/syskeeper.com.br\/?page_id=156\" \/>\n<meta property=\"og:locale\" content=\"pt_BR\" \/>\n<meta property=\"og:type\" content=\"article\" \/>\n<meta property=\"og:title\" content=\"Pol\u00edtica de Privacidade - Syskeeper\" \/>\n<meta property=\"og:description\" content=\"Informa\u00e7\u00f5es Coletadas: A SysKeeper coleta informa\u00e7\u00f5es pessoais fornecidas voluntariamente pelos usu\u00e1rios, como nome, e-mail, n\u00famero de telefone e\/ou telem\u00f3vel, morada, data de nascimento e\/ou outros, para melhorar a experi\u00eancia do usu\u00e1rio no site. Uso das Informa\u00e7\u00f5es: As informa\u00e7\u00f5es coletadas s\u00e3o utilizadas para personalizar o conte\u00fado do site, fornecer funcionalidades como webinars e lives, e analisar [&hellip;]\" \/>\n<meta property=\"og:url\" content=\"https:\/\/syskeeper.com.br\/?page_id=156\" \/>\n<meta property=\"og:site_name\" content=\"Syskeeper\" \/>\n<meta property=\"article:publisher\" content=\"https:\/\/www.instagram.com\/syskeeper_\/\" \/>\n<meta property=\"article:modified_time\" content=\"2024-04-08T17:42:05+00:00\" \/>\n<meta name=\"twitter:card\" content=\"summary_large_image\" \/>\n<meta name=\"twitter:label1\" content=\"Est. tempo de leitura\" \/>\n\t<meta name=\"twitter:data1\" content=\"1 minuto\" \/>\n<script type=\"application\/ld+json\" class=\"yoast-schema-graph\">{\"@context\":\"https:\/\/schema.org\",\"@graph\":[{\"@type\":\"WebPage\",\"@id\":\"https:\/\/syskeeper.com.br\/?page_id=156\",\"url\":\"https:\/\/syskeeper.com.br\/?page_id=156\",\"name\":\"Pol\u00edtica de Privacidade - Syskeeper\",\"isPartOf\":{\"@id\":\"https:\/\/syskeeper.com.br\/#website\"},\"datePublished\":\"2024-04-08T15:37:54+00:00\",\"dateModified\":\"2024-04-08T17:42:05+00:00\",\"breadcrumb\":{\"@id\":\"https:\/\/syskeeper.com.br\/?page_id=156#breadcrumb\"},\"inLanguage\":\"pt-BR\",\"potentialAction\":[{\"@type\":\"ReadAction\",\"target\":[\"https:\/\/syskeeper.com.br\/?page_id=156\"]}]},{\"@type\":\"BreadcrumbList\",\"@id\":\"https:\/\/syskeeper.com.br\/?page_id=156#breadcrumb\",\"itemListElement\":[{\"@type\":\"ListItem\",\"position\":1,\"name\":\"In\u00edcio\",\"item\":\"https:\/\/syskeeper.com.br\/\"},{\"@type\":\"ListItem\",\"position\":2,\"name\":\"Pol\u00edtica de Privacidade\"}]},{\"@type\":\"WebSite\",\"@id\":\"https:\/\/syskeeper.com.br\/#website\",\"url\":\"https:\/\/syskeeper.com.br\/\",\"name\":\"Syskeeper\",\"description\":\"Solu\u00e7\u00e3o de medi\u00e7\u00e3o individualizada \",\"publisher\":{\"@id\":\"https:\/\/syskeeper.com.br\/#organization\"},\"potentialAction\":[{\"@type\":\"SearchAction\",\"target\":{\"@type\":\"EntryPoint\",\"urlTemplate\":\"https:\/\/syskeeper.com.br\/?s={search_term_string}\"},\"query-input\":{\"@type\":\"PropertyValueSpecification\",\"valueRequired\":true,\"valueName\":\"search_term_string\"}}],\"inLanguage\":\"pt-BR\"},{\"@type\":\"Organization\",\"@id\":\"https:\/\/syskeeper.com.br\/#organization\",\"name\":\"Syskeeper\",\"url\":\"https:\/\/syskeeper.com.br\/\",\"logo\":{\"@type\":\"ImageObject\",\"inLanguage\":\"pt-BR\",\"@id\":\"https:\/\/syskeeper.com.br\/#\/schema\/logo\/image\/\",\"url\":\"https:\/\/syskeeper.com.br\/wp-content\/uploads\/2024\/04\/Logotipo_syskeeper_SemFundo-08.png\",\"contentUrl\":\"https:\/\/syskeeper.com.br\/wp-content\/uploads\/2024\/04\/Logotipo_syskeeper_SemFundo-08.png\",\"width\":3206,\"height\":776,\"caption\":\"Syskeeper\"},\"image\":{\"@id\":\"https:\/\/syskeeper.com.br\/#\/schema\/logo\/image\/\"},\"sameAs\":[\"https:\/\/www.instagram.com\/syskeeper_\/\"]}]}<\/script>\n<!-- \/ Yoast SEO plugin. -->","yoast_head_json":{"title":"Pol\u00edtica de Privacidade - Syskeeper","robots":{"index":"index","follow":"follow","max-snippet":"max-snippet:-1","max-image-preview":"max-image-preview:large","max-video-preview":"max-video-preview:-1"},"canonical":"https:\/\/syskeeper.com.br\/?page_id=156","og_locale":"pt_BR","og_type":"article","og_title":"Pol\u00edtica de Privacidade - Syskeeper","og_description":"Informa\u00e7\u00f5es Coletadas: A SysKeeper coleta informa\u00e7\u00f5es pessoais fornecidas voluntariamente pelos usu\u00e1rios, como nome, e-mail, n\u00famero de telefone e\/ou telem\u00f3vel, morada, data de nascimento e\/ou outros, para melhorar a experi\u00eancia do usu\u00e1rio no site. Uso das Informa\u00e7\u00f5es: As informa\u00e7\u00f5es coletadas s\u00e3o utilizadas para personalizar o conte\u00fado do site, fornecer funcionalidades como webinars e lives, e analisar [&hellip;]","og_url":"https:\/\/syskeeper.com.br\/?page_id=156","og_site_name":"Syskeeper","article_publisher":"https:\/\/www.instagram.com\/syskeeper_\/","article_modified_time":"2024-04-08T17:42:05+00:00","twitter_card":"summary_large_image","twitter_misc":{"Est. tempo de leitura":"1 minuto"},"schema":{"@context":"https:\/\/schema.org","@graph":[{"@type":"WebPage","@id":"https:\/\/syskeeper.com.br\/?page_id=156","url":"https:\/\/syskeeper.com.br\/?page_id=156","name":"Pol\u00edtica de Privacidade - Syskeeper","isPartOf":{"@id":"https:\/\/syskeeper.com.br\/#website"},"datePublished":"2024-04-08T15:37:54+00:00","dateModified":"2024-04-08T17:42:05+00:00","breadcrumb":{"@id":"https:\/\/syskeeper.com.br\/?page_id=156#breadcrumb"},"inLanguage":"pt-BR","potentialAction":[{"@type":"ReadAction","target":["https:\/\/syskeeper.com.br\/?page_id=156"]}]},{"@type":"BreadcrumbList","@id":"https:\/\/syskeeper.com.br\/?page_id=156#breadcrumb","itemListElement":[{"@type":"ListItem","position":1,"name":"In\u00edcio","item":"https:\/\/syskeeper.com.br\/"},{"@type":"ListItem","position":2,"name":"Pol\u00edtica de Privacidade"}]},{"@type":"WebSite","@id":"https:\/\/syskeeper.com.br\/#website","url":"https:\/\/syskeeper.com.br\/","name":"Syskeeper","description":"Solu\u00e7\u00e3o de medi\u00e7\u00e3o individualizada ","publisher":{"@id":"https:\/\/syskeeper.com.br\/#organization"},"potentialAction":[{"@type":"SearchAction","target":{"@type":"EntryPoint","urlTemplate":"https:\/\/syskeeper.com.br\/?s={search_term_string}"},"query-input":{"@type":"PropertyValueSpecification","valueRequired":true,"valueName":"search_term_string"}}],"inLanguage":"pt-BR"},{"@type":"Organization","@id":"https:\/\/syskeeper.com.br\/#organization","name":"Syskeeper","url":"https:\/\/syskeeper.com.br\/","logo":{"@type":"ImageObject","inLanguage":"pt-BR","@id":"https:\/\/syskeeper.com.br\/#\/schema\/logo\/image\/","url":"https:\/\/syskeeper.com.br\/wp-content\/uploads\/2024\/04\/Logotipo_syskeeper_SemFundo-08.png","contentUrl":"https:\/\/syskeeper.com.br\/wp-content\/uploads\/2024\/04\/Logotipo_syskeeper_SemFundo-08.png","width":3206,"height":776,"caption":"Syskeeper"},"image":{"@id":"https:\/\/syskeeper.com.br\/#\/schema\/logo\/image\/"},"sameAs":["https:\/\/www.instagram.com\/syskeeper_\/"]}]}},"_links":{"self":[{"href":"https:\/\/syskeeper.com.br\/index.php?rest_route=\/wp\/v2\/pages\/156","targetHints":{"allow":["GET"]}}],"collection":[{"href":"https:\/\/syskeeper.com.br\/index.php?rest_route=\/wp\/v2\/pages"}],"about":[{"href":"https:\/\/syskeeper.com.br\/index.php?rest_route=\/wp\/v2\/types\/page"}],"author":[{"embeddable":true,"href":"https:\/\/syskeeper.com.br\/index.php?rest_route=\/wp\/v2\/users\/1"}],"replies":[{"embeddable":true,"href":"https:\/\/syskeeper.com.br\/index.php?rest_route=%2Fwp%2Fv2%2Fcomments&post=156"}],"version-history":[{"count":7,"href":"https:\/\/syskeeper.com.br\/index.php?rest_route=\/wp\/v2\/pages\/156\/revisions"}],"predecessor-version":[{"id":250,"href":"https:\/\/syskeeper.com.br\/index.php?rest_route=\/wp\/v2\/pages\/156\/revisions\/250"}],"wp:attachment":[{"href":"https:\/\/syskeeper.com.br\/index.php?rest_route=%2Fwp%2Fv2%2Fmedia&parent=156"}],"curies":[{"name":"wp","href":"https:\/\/api.w.org\/{rel}","templated":true}]}}